562?
1
What is the ten thousands digit of 67621?
6
What is the hundred thousands digit of 131301?
1
What is the tens digit of 39816?
1
What is the units digit of 97?
7
What is the hundreds digit of 35144?
1
What is the units digit of 16037?
7
What is the tens digit of 5946?
4
What is the ten thousands digit of 11773?
1
What is the tens digit of 1050?
5
What is the hundreds digit of 230?
2
What is the hundreds digit of 50642?
6
What is the hundreds digit of 1445?
4
What is the tens digit of 25652?
5
What is the units digit of 59120?
0
What is the hundreds digit of 4808?
8
What is the hundreds digit of 75626?
6
What is the tens digit of 501?
0
What is the tens digit of 344?
4
What is the units digit of 5879?
9
What is the units digit of 8950?
0
What is the tens digit of 570?
7
What is the tens digit of 124069?
6
What is the ten thousands digit of 15516?
1
What is the units digit of 42905?
5
What is the thousands digit of 14910?
4
What is the tens digit of 4841?
4
What is the tens digit of 572?
7
What is the tens digit of 7227?
2
What is the hundreds digit of 4193?
1
What is the tens digit of 13716?
1
What is the thousands digit of 4731?
4
What is the tens digit of 2981?
8
What is the hundreds digit of 8901?
9
What is the thousands digit of 1146?
1
What is the ten thousands digit of 113133?
1
What is the hundreds digit of 10303?
3
What is the thousands digit of 2360?
2
What is the hundreds digit of 1388?
3
What is the units digit of 901?
1
What is the units digit of 1708?
8
What is the units digit of 147?
7
What is the hundreds digit of 12124?
1
What is the units digit of 61397?
7
What is the units digit of 817?
7
What is the units digit of 1073?
3
What is the tens digit of 242?
4
What is the hundreds digit of 1030?
0
What is the hundreds digit of 5182?
1
What is the hundreds digit of 3771?
7
What is the tens digit of 649?
4
What is the ten thousands digit of 23487?
2
What is the hundreds digit of 1359?
3
What is the hundreds digit of 43531?
5
What is the tens digit of 2697?
9
What is the units digit of 1720?
0
What is the tens digit of 22001?
0
What is the units digit of 75?
5
What is the units digit of 35553?
3
What is the ten thousands digit of 34463?
3
What is the hundreds digit of 814?
8
What is the tens digit of 13139?
3
What is the units digit of 4?
4
What is the units digit of 36429?
9
What is the hundreds digit of 46622?
6
What is the hundreds digit of 817?
8
What is the hundreds digit of 678?
6
What is the tens digit of 20406?
0
What is the ten thousands digit of 76688?
7
What is the tens digit of 608?
0
What is the tens digit of 12403?
0
What is the tens digit of 33806?
0
What is the thousands digit of 13968?
3
What is the tens digit of 10940?
4
What is the hundreds digit of 1658?
6
What is the ten thousands digit of 34094?
3
What is the ten thousands digit of 18223?
1
What is the units digit of 10812?
2
What is the hundreds digit of 107806?
8
What is the ten thousands digit of 55512?
5
What is the tens digit of 16838?
3
What is the tens digit of 4865?
6
What is the hundreds digit of 869?
8
What is the hundreds digit of 5109?
1
What is the tens digit of 37510?
1
What is the ten thousands digit of 39908?
3
What is the ten thousands digit of 34423?
3
What is the hundreds digit of 11876?
8
What is the tens digit of 6487?
8
What is the thousands digit of 4370?
4
What is the ten thousands digit of 11163?
1
What is the hundreds digit of 1682?
6
What is the tens digit of 9353?
5
What is the hundreds digit of 94392?
3
What is the tens digit of 9335?
3
What is the units digit of 38305?
5
What is the units digit of 433?
3
What is the units digit of 561?
1
What is the units digit of 3672?
2
What is the units digit of 101093?
3
What is the ten thousands digit of 30094?
3
What is the units digit of 1289?
9
What is the thousands digit of 1842?
1
What is the tens digit of 73?
7
What is the tens digit of 98697?
9
What is the hundreds digit of 38273?
2
What is the thousands digit of 4738?
4
What is the thousands digit of 14284?
4
What is the units digit of 41534?
4
What is the units digit of 5024?
4
What is the hundreds digit of 14803?
8
What is the ten thousands digit of 11319?
1
What is the ten thousands digit of 98396?
9
What is the tens digit of 281?
8
What is the thousands digit of 10471?
0
What is the ten thousands digit of 45314?
4
What is the hundreds digit of 2212?
2
What is the hundreds digit of 14308?
3
What is the units digit of 37617?
7
What is the hundreds digit of 619?
6
What is the tens digit of 526?
2
What is the hundreds digit of 28757?
7
What is the tens digit of 1197?
9
What is the thousands digit of 2590?
2
What is the hundreds digit of 3900?
9
What is the tens digit of 40978?
7
What is the thousands digit of 4694?
4
What is the hundreds digit of 46988?
9
What is the units digit of 1443?
3
What is the ten thousands digit of 140399?
4
What is the hundreds digit of 16525?
5
What is the thousands digit of 2281?
2
What is the hundreds digit of 3747?
7
What is the hundreds digit of 489?
4
What is the tens digit of 108507?
0
What is the units digit of 50615?
5
What is the tens digit of 69439?
3
What is the hundreds digit of 538?
5
What is the units digit of 14347?
7
What is the ten thousands digit of 11286?
1
What is the hundreds digit of 320?
3
What is the units digit of 10009?
9
What is the tens digit of 13128?
2
What is the tens digit of 1359?
5
What is the units digit of 73163?
3
What is the tens digit of 163999?
9
What is the units digit of 19763?
3
What is the hundreds digit of 1119?
1
What is the units digit of 1112?
2
What is the tens digit of 2195?
9
What is the ten thousands digit of 10976?
1
What is the units digit of 1297?
7
What is the units digit of 19566?
6
What is the thousands digit of 5173?
5
What is the units digit of 1246?
6
What is the thousands digit of 2258?
2
What is the tens digit of 59767?
6
What is the tens digit of 1952?
5
What is the ten thousands digit of 50351?
5
What is the hundreds digit of 13489?
4
What is the ten thousands digit of 14474?
1
What is the thousands digit of 23345?
3
What is the tens digit of 105?
0
What is the hundreds digit of 491?
4
What is the ten thousands digit of 89600?
8
What is the tens digit of 7108?
0
What is the hundreds digit of 396?
3
What is the units digit of 19147?
7
What is the thousands digit of 114023?
4
What is the units digit of 5803?
3
What is the tens digit of 5055?
5
What is the units digit of 54196?
6
What is the ten thousands digit of 91432?
9
What is the hundreds digit of 8219?
2
What is the hundreds digit of 1137?
1
What is the thousands digit of 35364?
5
What is the hundreds digit of 13837?
8
What is the hundred thousands digit of 103328?
1
What is the hundreds digit of 109701?
7
What is the units digit of 41346?
6
What is the units digit of 392?
2
What is the tens digit of 22155?
5
What is the tens digit of 878?
7
What is the thousands digit of 56739?
6
What is the units digit of 73311?
1
What is the thousands digit of 3836?
3
What is the hundreds digit of 78101?
1
What is the ten thousands digit of 50715?
5
What is the hundreds digit of 6159?
1
What is the units digit of 13341?
1
What is the units digit of 4550?
0
What is the hundreds digit of 6609?
6
What is the thousands digit of 196933?
6
What is the tens digit of 13394?
9
What is the thousands digit of 28045?
8
What is the tens digit of 129479?
7
What is the tens digit of 459?
5
What is the ten thousands digit of 107379?
0
What is the hundreds digit of 2131?
1
What is the units digit of 513?
3
What is the ten thousands digit of 49774?
4
What is the tens digit of 28852?
5
What is the tens digit of 34312?
1
What is the tens digit of 40967?
6
What is the tens digit of 25558?
5
What is the thousands digit of 7327?
7
What is the tens digit of 40455?
5
What is the hundred thousands digit of 130075?
1
What is the units digit of 45952?
2
What is the hundreds digit of 76731?
7
What is the tens digit of 21331?
3
What is the tens digit of 568?
6
What is the tens digit of 30254?
5
What is the hundreds digit of 2017?
0
What is the units digit of 25126?
6
What is the units digit of 1238?
8
What is the thousands digit of 4661?
4
What is the thousands digit of 52636?
2
What is the thousands digit of 2802?
2
What is 